0. Give f(-17).
-25
Let x(n) = n**3 + 6*n**2 - 4. What is x(-4)?
28
Let w(g) = -g**3 + 13*g**2 + g + 3. Give w(13).
16
Let s(r) = r**2 - 11. Give s(-5).
14
Let t(b) = -b**3 + 2*b + 1. Give t(2).
-3
Let w(d) = -2*d**2 - 23*d + 18. Calculate w(-13).
-21
Let m(r) = -r**3 - r**2 + r - 21. Calculate m(0).
-21
Let d(r) = r**3 - 8*r**2 - 6*r + 7. Give d(9).
34
Let a(m) = m**2 - 7*m - 73. What is a(-7)?
25
Let w(q) = 5*q**2 + 9*q - 3. Give w(-3).
15
Let l(s) = -3*s + 58. Determine l(-12).
94
Let w(t) = -14*t**3 - t**2 - 5*t + 5. Determine w(1).
-15
Let v(r) = -r**3 + 22*r**2 - 22*r - 5. Give v(21).
-26
Let t(m) = 4*m**2 - 87*m + 53. What is t(21)?
-10
Let r(b) = -18*b - 312. What is r(-18)?
12
Let t(s) = s**2 - 24*s + 6. Calculate t(25).
31
Let l(z) = 2*z + 34. What is l(-15)?
4
Let u(o) = -o**2 - 6*o + 11. Give u(-7).
4
Let j(r) = -100*r - 608. Give j(-6).
-8
Let a(h) = h**2 + 6*h - 2. What is a(-5)?
-7
Let s(y) = -5*y + 17. Calculate s(4).
-3
Let n(a) = 3*a - 15. Calculate n(8).
9
Let i(d) = -d + 17. What is i(18)?
-1
Let u(z) = -38*z - 606. Determine u(-16).
2
Let h(f) = f**3 + 10*f**2 + 20*f + 9. Give h(-7).
16
Let g(s) = 2*s**3 - 3*s**2 + 4*s - 2. Give g(2).
10
Let s(h) = -h**3 - h**2 + h + 43. What is s(0)?
43
Let q(m) = m**3 + 28*m**2 + 46*m - 130. Determine q(-26).
26
Let d(y) = 2*y**2 + 16*y + 21. Calculate d(-7).
7
Let q(j) = 9*j - 1. Calculate q(-1).
-10
Let h(c) = -c**2 + 23*c + 2. Calculate h(22).
24
Let m(z) = 2*z**2 + 20*z + 2. Calculate m(-9).
-16
Let c(p) = -p**3 + 3*p**2 + 11*p - 14. What is c(5)?
-9
Let k(p) = 8*p - 48. Calculate k(9).
24
Let l(d) = d**3 - d + 1. What is l(1)?
1
Let k(h) = -2*h**3 - 33*h**2 - 15*h + 12. Give k(-16).
-4
Let d(a) = 4*a - 7. Calculate d(0).
-7
Let m(r) = -r**3 + 6*r**2 - 3*r + 3. Determine m(6).
-15
Let z(g) = g**3 + 7*g**2 - 17*g - 5. Calculate z(-9).
-14
Let u(k) = 2*k**3 + 3*k**2 - 7*k - 2. Calculate u(-3).
-8
Let f(z) = z**2 - 16*z + 19. Calculate f(15).
4
Let h(q) = -q + 6. Give h(10).
-4
Let p(m) = 13*m - 133. Calculate p(8).
-29
Let f(p) = -p**3 + 4*p**2 - 2*p + 7. Give f(5).
-28
Let l(b) = -6*b - 9. Give l(-3).
9
Let x(q) = q**3 + 8*q**2 + 10*q + 31. Give x(-7).
10
Let k(c) = -3*c + 10. Give k(4).
-2
Let o(t) = -5*t**2 - 120*t - 98. Give o(-23).
17
Let i(x) = -x**3 - 67*x**2 - 63*x + 207. Give i(-66).
9
Let k(c) = 4*c**2 - 117*c + 26. Determine k(29).
-3
Let g(r) = 46*r + 214. Calculate g(-5).
-16
Let q(u) = -7*u**3 - 3*u**2 - 7*u - 7. What is q(-2)?
51
Let f(r) = -2*r**2 + 9*r - 5. Give f(7).
-40
Let d(y) = 5*y - 34. What is d(8)?
6
Let j(c) = -52*c**3 - 2*c**2 + 6*c - 5. Give j(1).
-53
Let p(c) = c**3 + 11*c**2 + 12*c - 9. Determine p(-10).
-29
Let i(l) = -l**3 + 9*l + 32. What is i(-3)?
32
Let g(l) = l**3 - 6*l**2 + 2*l + 5. Determine g(5).
-10
Let i(q) = -q**3 + 9*q**2 + 12*q - 22. Calculate i(10).
-2
Let z(k) = 21*k - 28. What is z(8)?
140
Let f(x) = -x - 3. Give f(9).
-12
Let l(s) = s**3 + 9*s**2 + 9*s - 1. What is l(-7)?
34
Let j(h) = -15*h. Give j(-1).
15
Let m(y) = 3*y - 29. Give m(5).
-14
Let v(f) = f**2 + 19*f - 1388. Calculate v(-48).
4
Let b(q) = -3*q**3 + 3*q**2 - q + 2. Calculate b(3).
-55
Let n(q) = 43*q - 9. Give n(0).
-9
Let n(h) = 4*h**2 - 4*h + 2. Determine n(3).
26
Let b(k) = 13*k**2 + 3*k + 2. Give b(-2).
48
Let m(p) = 5*p + 8. Calculate m(3).
23
Let c(k) = k**2 - 15*k + 4. Determine c(11).
-40
Let c(p) = 5*p + 34. Give c(-5).
9
Let j(x) = -14*x**3 + x**2 - x - 1. Determine j(-1).
15
Let x(h) = -h**3 + 4*h**2 - h - 5. Determine x(5).
-35
Let m(v) = -8*v - 35. Calculate m(-4).
-3
Let d(l) = -l**2 - 2*l + 5. Determine d(-4).
-3
Let x(a) = 2*a - 21. What is x(0)?
-21
Let w(l) = -l**2 - 5. Calculate w(4).
-21
Let x(u) = 2*u**2 + 23*u + 10. Determine x(-11).
-1
Let a(x) = -x**2 - 12*x - 9. Determine a(-9).
18
Let x(h) = -28*h + 157. Give x(7).
-39
Let n(z) = -z**3 + 14*z**2 - z + 17. What is n(14)?
3
Let y(m) = -25*m - 71. What is y(-3)?
4
Let z(k) = -7*k - 56. Give z(-8).
0
Let x(p) = 8*p - 309. Calculate x(35).
-29
Let v(j) = 4*j**2 + 7*j - 12. Calculate v(3).
45
Let n(w) = -w + 40. What is n(31)?
9
Let m(x) = x**2 + 50*x + 98. What is m(-48)?
2
Let o(k) = -2*k + 7. Calculate o(0).
7
Let v(f) = 5*f**2 + 2*f + 4. What is v(2)?
28
Let p(z) = z**3 - 13*z**2 + 18*z - 68. Give p(12).
4
Let z(d) = d - 10. Calculate z(17).
7
Let u(n) = n**3 - 11*n**2 - 13*n + 20. Give u(12).
8
Let q(i) = -i**2 + 5*i + 1. Give q(5).
1
Let y(k) = k**3 - 28*k**2 + 28*k - 45. Calculate y(27).
-18
Let y(f) = -f**2 + 6. Determine y(-5).
-19
Let h(w) = -w + 3. Calculate h(4).
-1
Let x(t) = -t**2 + 20. What is x(6)?
-16
Let z(d) = -3*d + 13. What is z(-6)?
31
Let o(q) = -3*q**3 - 39*q**2 - q - 4. What is o(-13)?
9
Let s(x) = -2*x**3 + 5*x**2 - 6. What is s(-3)?
93
Let h(r) = 5*r**2 - 4*r + 4. What is h(2)?
16
Let a(o) = o**2 - 10*o - 25. Calculate a(-2).
-1
Let z(u) = u**3 + 2*u**2 + 11*u + 18. What is z(-2)?
-4
Let f(z) = -z**3 - 6*z**2 - 8*z + 1. Give f(-4).
1
Let u(l) = l**2 - 2*l - 4. Calculate u(-3).
11
Let q(r) = -r**2 - 12*r - 2. Calculate q(-12).
-2
Let j(u) = -2*u**2 + 6*u - 5. Give j(3).
-5
Let y(t) = -29*t - 111. Determine y(-4).
5
Let d(b) = -35*b**3 + b**2 + b - 2. Determine d(1).
-35
Let w(v) = -v**3 + 10*v**2 + 10*v - 2. Determine w(11).
-13
Let d(q) = 4*q**2 + 6*q - 80. Determine d(6).
100
Let a(q) = q**2 - 24*q - 25. Calculate a(25).
0
Let k(x) = 3*x + 2. Give k(2).
8
Let f(x) = -x**3 - 13*x**2 - 12*x + 7. Calculate f(-12).
7
Let z(i) = -14*i**2 + i - 1. Calculate z(1).
-14
Let h(f) = f**3 + 4*f**2 + 7*f - 2. Determine h(-5).
-62
Let z(a) = 5*a - 4. Calculate z(-3).
-19
Let a(f) = -6*f + 1. Calculate a(3).
-17
Let g(s) = 4*s + 52. Give g(-15).
-8
Let x(f) = 17*f - 812. Calculate x(48).
4
Let g(j) = -3*j**2 + 2*j + 4. What is g(-4)?
-52
Let o(x) = 4*x**2 + 5*x. What is o(-2)?
6
Let d(c) = -c**3 - 27*c**2 + 30*c + 61. What is d(-28)?
5
Let i(k) = -12*k**2 + k. Determine i(-1).
-13
Let i(q) = -q**2 - 11*q - 25. Give i(-9).
-7
Let f(w) = w**3 - 9*w**2 + 13*w - 22. What is f(8)?
18
Let r(c) = -2*c**2 - 24*c - 2. What is r(-13)?
-28
Let u(n) = 2*n + 6. Determine u(-4).
-2
Let w(h) = h**3 - 5*h**2 - 16*h + 5. Calculate w(7).
-9
Let m(b) = 2*b**2 - 36*b - 27. Determine m(19).
11
Let p(s) = -4*s**3 - 3*s**2 - s + 1. Calculate p(-1).
3
Let j(v) = 2*v**3 - 19*v**2 + 6*v + 8. Determine j(9).
-19
Let s(h) = -h - 8. Calculate s(-9).
1
Let w(t) = -2*t**2 - 11*t + 10. Determine w(-6).
4
Let s(o) = o**3 + 17*o**2 - 19*o - 37. Give s(-18).
-19
Let x(f) = f**3 - 42*f - 109. Determine x(-3).
-10
Let s(a) = 4*a - 19. Determine s(11).
25
Let a(j) = j**3 - 18*j**2 + 13*j + 23. What is a(17)?
-45
Let n(f) = -f**2 + 6*f + 10. Determine n(7).
3
Let d(o) = 18*o + 4. Determine d(-3).
-50
Let w(z) = -z**2 + 2*z + 10. What is w(8)?
-38
Let b(k) = -k**2 + 2*k + 11. Calculate b(-2).
3
Let a(b) = -2*b**3 + 35*b**2 + 20*b - 43. Give a(18).
-7
Let c(u) = -15*u**2 + u. Give c(1).
-14
Let k(j) = 8*j + 8. Determine k(-2).
-8
Let x(c) = c**3 + 20*c**2 + 51*c + 5. Calculate x(-17).
5
Let k(d) = d**2 + 4*d - 4. What is k(-7)?
17
Let k(q) = 19*q + 1. Calculate k(2).
39
Let n(j) = j**2 - 18. Calculate n(-4).
-2
Let u(t) = -t**3 + 4*t**2 + 6*t + 7. Determine u(5).
12
Let l(q) = -4*q - 60. What is l(-12)?
-12
Let z(v) = -v**2 - 15*v + 8. What is z(-18)?
-46
Let z(r) = r**3 + 9*r**2 + 17*r + 17. What is z(-7)?
-4
Let d(j) = j**3 - 6*j**2 - 37*j - 5. Calculate d(10).
25
Let r(y) = 3*y**3 - y**2 + 3*y - 1. Calculate r(1).
4
Let t(o) = o**2. Give t(6).
36
Let u(n) = 3*n**3 - 2*n**2 + 1. Calculate u(1).
2
Let c(u) = 5*u**2 - 3*u + 2. Calculate c(2).
16
Let h(n) = -n**3 + 10*n**2 - 7*n + 10. What is h(9)?
28
Let n(c) = c**2 - 4*c + 7. Calculate n(4).
7
Let r(n) = -n**3 + 3*n**2 + 5*n. Determine r(5).
-25
Let u(w) = -19*w - 2. Give u(-1).
17
Let j(v) = -v**2 + 14*v - 47. Give j(12).
-23
Let o(g) = g**2 - 16*g - 29. Determine o(-2).
7
Let g(i) = -i**2 + 8*i + 14. What is g(10)?
-6
Let k(a) = 3*a - 26. Determine k(-25).
-101
Let o(v) = -3*v - 11. What is o(6)?
-29
Let m(p) = -6*p - 18. Calculate m(-4).
6
Let n(o) = -o**2 - 4*o + 2. Calculate n(-8).
-30
Let v(j) = -j**3 - 14*j**2 + 11*j - 19. Calculate v(-15).
41
Let w(v) = 2*v**2 + 2*v - 7. Give w(-6).
53
Let s(z) = z**2 + 4*z + 4. Calculate s(-4).
4
Let h(o) = -o - 10. Give h(-3).
-7
Let